t j = -4 + p. Is 50 + (6/2)/j a composite number?
False
Suppose -l + u = -82, -3*l - 6*u = -u - 214. Let y(d) = -144*d + 2. Let o be y(-2). Suppose -4*p = l - o. Is p a prime number?
True
Suppose 5*v - 30 = 5*w, 38 - 14 = -5*w + 2*v. Let j = w + 8. Suppose 0 = -j*i + 13 + 71. Is i composite?
True
Suppose 1784 = 5*d - z + 594, -3*d + z = -716. Suppose w + w + n - 4 = 0, 2*n = 3*w - 6. Suppose y - d = -w*y. Is y a composite number?
False
Let n be (44/(-10))/(2/(-360)). Let l = n + -352. Suppose 5*d - l = 5*z, -2*d = 3*d - z - 428. Is d a composite number?
True
Suppose -11*x + 15*x - 1516 = 0. Is x composite?
False
Let k = 6 + -3. Suppose 0*v - 9 = 3*v, 3*v + k = -3*q. Suppose q*l + 5 - 51 = 0. Is l composite?
False
Suppose 2*d - 55 - 29 = 0. Suppose d = 4*f - 322. Is f a composite number?
True
Suppose -2*k + 4*k - 1236 = 0. Is 4/10 - k/(-30) a prime number?
False
Suppose -3*a = 7 - 1. Let i be a/(-10) - (-5)/(-25). Suppose i = -4*u + 264 - 52. Is u a prime number?
True
Let x(z) be the second derivative of -z**4/12 - 7*z**3/6 - 3*z**2/2 - z. Let d be x(-7). Is ((-5)/d)/((-1)/(-33)) prime?
False
Let m(b) = -b**2 - 7*b - 3. Let r be m(-6). Suppose 4*h - 4*q + 8 = 0, -r*h - q - 6 + 0 = 0. Let c(u) = -27*u + 1. Is c(h) composite?
True
Let j(w) = 75*w - 53*w - 1 - 37*w. Let d be 2/(-7) - 15/21. Is j(d) composite?
True
Let y be 108/(-14) + 4/(-14). Is (97 + y)*2/2 prime?
True
Let n(g) be the third derivative of g**6/120 - g**5/60 + g**4/24 + 89*g**3/6 + 2*g**2. Is n(0) a composite number?
False
Suppose 2*b = b - 2*t + 73, 3*t = 9. Is b a prime number?
True
Let y(k) = k**3 - 7*k**2 - 6*k - 3. Let x(z) = 3*z**3 - 21*z**2 - 17*z - 9. Let w(b) = 3*x(b) - 8*y(b). Is w(10) composite?
True
Is 1106/5 - 4/20 a composite number?
True
Let i(z) = -z**2 + 13*z - 9. Let a be i(12). Let f(v) = 1 + 2*v + 23*v**2 + 43*v**2 + 31*v**2 - a*v. Is f(1) prime?
True
Let k = 100 + -78. Is k a prime number?
False
Let r(j) = 170*j + 3. Is r(7) prime?
True
Let m(k) = -36*k. Let d be m(-1). Suppose -2 = -2*c + d. Is c a prime number?
True
Suppose -7*p = -3*p - 7364. Is p prime?
False
Let a(i) = 5*i**3 - 3*i**2 + 8*i - 4. Let t be a(8). Is t/28 + 4/14 a composite number?
True
Let z(j) = 12*j**3 - 6*j**2 - 3*j + 13. Is z(4) composite?
False
Let k(p) be the first derivative of -p + 3/2*p**2 - 2/3*p**3 - 1 - 1/4*p**4. Is k(-4) a composite number?
False
Let l(t) be the first derivative of t**4/4 + 3*t**3 + t**2/2 - 8*t + 3. Is l(-7) a composite number?
False
Let i(k) = k**2 + 3*k + 2. Let y be i(-2). Suppose -2*l + y = 8. Let q(x) = -15*x - 1. Is q(l) a prime number?
True
Suppose -v + 4 - 3 = 0. Let g(y) = -y**2 + 1 + 0*y**3 + 3*y**3 + 3*y**3. Is g(v) a composite number?
True
Let f(n) = 25*n**3 + 7*n**2 + 8*n + 4. Let g be f(6). Let r be (-8)/(-36) + g/9. Is 1/6 + r/12 a composite number?
False
Suppose -5*h + 4*f + 1897 = 0, 3*f - 2 = -11. Is h a prime number?
False
Suppose 5*i - 8 = 12. Let u = 12 - i. Suppose 2 - u = -2*x. Is x composite?
False
Let g(q) = -249*q**3 - 4*q**2 - 3. Let j(l) = -374*l**3 - 6*l**2 - 4. Let p(h) = -7*g(h) + 5*j(h). Let y be p(-1). Is 2 - y/(-2 - 0) prime?
False
Suppose 10 = v - 14. Suppose -5*d + 2*d + v = 0. Is ((-76)/d)/((-2)/4) prime?
True
Let o(u) = 88*u**3 - 3*u + 3. Is o(2) a prime number?
True
Let v(m) = -m - 2. Let z be v(-4). Is (z - 0) + 42/6 a composite number?
True
Let i(p) = -25*p + 6. Is i(-4) prime?
False
Suppose -4 = -2*j + 4*j. Is ((-419)/j)/((-16)/(-32)) a prime number?
True
Suppose -2*t + 2 = -0. Is -3 + (11 - 2) + t composite?
False
Let d(b) = -b**3 - 4*b**2 + 3. Let p be d(-4). Suppose 0 = -h - 0*h + 5*f + 285, -p*f + 1313 = 5*h. Is h composite?
True
Let s = 19 - 16. Suppose 0 = s*h + 3*h - 1842. Is h a composite number?
False
Let v(c) be the second derivative of c**3/6 - 3*c**2/2 + c. Let m be v(5). Suppose f = -h + 21, 7*h - 2*h = -m*f + 99. Is h a composite number?
False
Let z(k) = -43*k + 1. Let o(m) = -44*m + 2. Let n(j) = -3*o(j) + 2*z(j). Let h be n(4). Let r = 271 - h. Is r a composite number?
True
Suppose 5*v + 0*v = 0. Let l be (-6)/(-2) + -1 + v. Is (-102)/(-8)*2*l a composite number?
True
Suppose -2*y - 14 = -3*j, -j + 3*y + 8 = 1. Suppose 7 = z + j. Is z a composite number?
False
Is (-3)/(-12) - 583/(-4) composite?
True
Suppose 6 + 14 = -5*z. Let q = 25 + -43. Let g = z - q. Is g a prime number?
False
Let r = -622 + 398. Let f = -157 - r. Is f a prime number?
True
Let g(t) = t**2 - 5*t - 11. Is g(-9) a composite number?
True
Let m = -34 - -51. Suppose a = 4*l - 0*l - 11, -3*a - 11 = -l. Let t = m - l. Is t prime?
False
Let r(l) = 191*l - 1. Is r(2) a composite number?
True
Suppose 5*b = 2*o - 0*o - 1460, 4*b = 3*o - 1175. Let x = -67 - b. Is x composite?
False
Suppose -4*c - 4*t = -5864 + 208, 4*c - 5646 = -2*t. Is c composite?
False
Suppose -64 = -y + 425. Is y a prime number?
False
Suppose -k - 4*b = -213, -3*k + 617 = -0*b + b. Is k composite?
True
Suppose 8*d - 778 = -4*r + 3*d, 5*d = -2*r + 384. Suppose -h + r = -57. Is h a prime number?
False
Let f = -45 + 136. Is f prime?
False
Suppose 3*j - 2*q - 253 = 0, 3*q = -2*j + 3*j - 89. Is j a prime number?
True
Let u(d) = 20*d**2 + 7*d - 1. Let f be u(7). Let y = f + -651. Is y prime?
False
Suppose -p - 4*i = -14, p = -3*p + 4*i - 4. Suppose -4*y + p = -3*y. Is 10/2 - y/2 a prime number?
False
Suppose q - 14 = 4. Is (150/q)/(1/3) a composite number?
True
Suppose 134 = 2*p + 36. Is p a composite number?
True
Let t be 10/((2/(-4))/1). Suppose -n + 71 = 2*o - 6*o, -4*n + 208 = 3*o. Let f = t + n. Is f composite?
True
Let l = -23 + 11. Is ((-74)/4)/(6/l) prime?
True
Let r(g) = g**3 - 19*g**2 + 3*g + 19. Is r(22) composite?
True
Let g(b) = 2*b**2 - 9*b - 1. Is g(-12) a composite number?
True
Suppose -8*d + 662 = -6*d. Is d composite?
False
Suppose 0*x = 3*x - 111. Is x a prime number?
True
Let s = 2 + -2. Suppose -i + f - 4*f + 74 = 0, i + 5*f - 84 = s. Let d = i + -6. Is d prime?
True
Let g be 2/(-4)*3*-2. Suppose -2*r - 128 = -g*w, -4*r + 10 = r. Let c = 105 + w. Is c composite?
False
Let m(w) = 0 + 2 + 7*w + 4*w + 11*w**2 - w**3. Let t be m(10). Suppose -4*a - 64 - t = -4*k, -345 = -5*k + 4*a. Is k a prime number?
False
Let o(a) = -a**3 - a**2 + a + 11. Let q be (-1)/2 + (-1)/(-2). Let p be o(q). Suppose -s + 0*s = -p. Is s a prime number?
True
Suppose -3*l - l + 6953 = 5*h, 0 = -2*l - 6. Is h a composite number?
True
Suppose 4*l = 0, 3*o + 3*l = 5*l + 114. Let p = -5 + o. Is p a prime number?
False
Let r be 3 - (-1)/2*0. Suppose -a = r*y - 123, 4*a - 76 = -4*y + 384. Is a composite?
True
Suppose -c + 719 = m - 0*c, m - 2*c - 719 = 0. Is m composite?
False
Suppose -3*u - 11 = -5*g, -4*u - 3*g - 7 + 2 = 0. Is (u - -545) + -1 + -1 prime?
True
Is (-12)/(-2) - (5 + -412) prime?
False
Let h(g) = -14*g + 11. Let s be h(-11). Suppose -3*w = -f - 162, -3*w + 0*f = -2*f - s. Is w a prime number?
True
Let j(b) = -b**3 + 6*b**2 + 9*b - 8. Let v be j(7). Suppose -k + 1 + v = 0. Is k prime?
True
Let v = 23 - 18. Suppose 5*k - 550 = -v*h, -3*h + 2*k + 0*k = -335. Is h prime?
False
Let z(y) = 2*y**3 - 4*y**2 + 2*y - 1. Let t(k) = -4*k**3 + 9*k**2 - 5*k + 2. Let o(c) = 2*t(c) + 5*z(c). Is o(3) composite?
True
Let c(w) = w**2 + 7*w + 11. Is c(13) a prime number?
True
Let u = 7 + -2. Suppose -u*w + 812 = -w. Is w prime?
False
Let k = -15 - -1018. Is k composite?
True
Let y = 720 + -223. Is y prime?
False
Suppose 0 = 2*z + 9 - 15. Let d(w) = 10*w**2 - w + 1. Let i be d(z). Let j = 25 + i. Is j a composite number?
False
Suppose 0*a + 3*s - 270 = -3*a, -5*a = 2*s - 447. Is a a prime number?
True
Let p be -2*(-1)/((-2)/(-3)). Let a(y) = -4 + 2*y**3 + 3 - y - 1 + 3*y - 4*y**2. Is a(p) prime?
False
Let g(v) = v**3 - 2*v**2 - 3*v + 15. Is g(7) a composite number?
False
Let z(w) = w**3 - 2*w**2 + 12*w + 2. Is z(7) a prime number?
True
Suppose 3 = 5*g - 4*h - 0, -3*h + 3 = -2*g. Suppose 4*y = -g - 1. Is (y + -32)/(1 + -2) composite?
True
Let y be 7 - 9 - (0 + 0). Let r be (-6)/2 - (y - -2). Is (-51)/r - (-6)/(-2) composite?
True
Let c(w) = w**2 + 8*w + 9. Let l be c(-7). Suppose 0*b - l*x + 8 = b, 4*x = -5*b + 22. Suppose 0 = j - b*j + 26. Is j a prime number?
False
Let o(z) = 77*z**3 - z**2 + 3*z - 2. Let n be o(2). Suppose -n + 74 = -2*x. Let s = x - 140. Is s prime?
True
Suppose -3*a - 469 = i,